{"id":14,"date":"2020-11-19T11:03:29","date_gmt":"2020-11-19T10:03:29","guid":{"rendered":"https:\/\/namurinc.be\/boutique\/produit\/import-placeholder-for-6296\/"},"modified":"2021-12-08T19:57:37","modified_gmt":"2021-12-08T18:57:37","slug":"rastrind-ses-tome-1","status":"publish","type":"product","link":"https:\/\/namurinc.be\/boutique\/produit\/rastrind-ses-tome-1\/","title":{"rendered":"Rastrind, s\u00e9s&#8217;! &#8211; Tome 1"},"content":{"rendered":"","protected":false},"excerpt":{"rendered":"<p>Le Doyen de Marche-en-Famenne, l\u2019Abb\u00e9 Bernard van Vynckt est bien connu des Namurois. Depuis 2016, il a succ\u00e9d\u00e9 au regrett\u00e9 Abb\u00e9 Pol Malherbe en c\u00e9l\u00e9brant chaque ann\u00e9e la Messe en Wallon des F\u00eates de Wallonie.<\/p>\n<p>Depuis le confinement, en mars 2020, il r\u00e9dige chaque semaine pour RCF Sud-Belgique un billet en wallon de Nameur pour nous mettre du baume au c\u0153ur mais aussi nous faire r\u00e9fl\u00e9chir.<\/p>\n<p>On retrouvera dans cet ouvrage ses vingt premi\u00e8res chroniques ainsi que l\u2019hom\u00e9lie de la Messe en Wallon. Tous les mots sont accompagn\u00e9s d\u2019un code QR d\u2019\u00e9coute ainsi que de leurs traductions en fran\u00e7ais. Un ouvrage qui vous permettra d\u2019am\u00e9liorer votre niveau en wallon mais aussi de garder une trace historique de cette \u00e9poque troubl\u00e9e.<\/p>\n","protected":false},"featured_media":60,"comment_status":"open","ping_status":"closed","template":"","meta":{"_mi_skip_tracking":false,"_exactmetrics_sitenote_active":false,"_exactmetrics_sitenote_note":"","_exactmetrics_sitenote_category":0},"product_cat":[16],"product_tag":[],"acf":[],"yoast_head":"<!-- This site is optimized with the Yoast SEO plugin v20.9 - https:\/\/yoast.com\/wordpress\/plugins\/seo\/ -->\n<title>Rastrind, s\u00e9s&#039;! - Tome 1 - Namur INC - Boutique en ligne<\/title>\n<meta name=\"robots\" content=\"index, follow, max-snippet:-1, max-image-preview:large, max-video-preview:-1\" \/>\n<link rel=\"canonical\" href=\"https:\/\/namurinc.be\/boutique\/produit\/rastrind-ses-tome-1\/\" \/>\n<meta property=\"og:locale\" content=\"fr_FR\" \/>\n<meta property=\"og:type\" content=\"article\" \/>\n<meta property=\"og:title\" content=\"Rastrind, s\u00e9s&#039;! - Tome 1 - Namur INC - Boutique en ligne\" \/>\n<meta property=\"og:description\" content=\"Le Doyen de Marche-en-Famenne, l\u2019Abb\u00e9 Bernard van Vynckt est bien connu des Namurois. Depuis 2016, il a succ\u00e9d\u00e9 au regrett\u00e9 Abb\u00e9 Pol Malherbe en c\u00e9l\u00e9brant chaque ann\u00e9e la Messe en Wallon des F\u00eates de Wallonie.  Depuis le confinement, en mars 2020, il r\u00e9dige chaque semaine pour RCF Sud-Belgique un billet en wallon de Nameur pour nous mettre du baume au c\u0153ur mais aussi nous faire r\u00e9fl\u00e9chir.  On retrouvera dans cet ouvrage ses vingt premi\u00e8res chroniques ainsi que l\u2019hom\u00e9lie de la Messe en Wallon. Tous les mots sont accompagn\u00e9s d\u2019un code QR d\u2019\u00e9coute ainsi que de leurs traductions en fran\u00e7ais. Un ouvrage qui vous permettra d\u2019am\u00e9liorer votre niveau en wallon mais aussi de garder une trace historique de cette \u00e9poque troubl\u00e9e.\" \/>\n<meta property=\"og:url\" content=\"https:\/\/namurinc.be\/boutique\/produit\/rastrind-ses-tome-1\/\" \/>\n<meta property=\"og:site_name\" content=\"Namur INC - Boutique en ligne\" \/>\n<meta property=\"article:modified_time\" content=\"2021-12-08T18:57:37+00:00\" \/>\n<meta property=\"og:image\" content=\"https:\/\/namurinc.be\/boutique\/wp-content\/uploads\/sites\/4\/2020\/11\/rastrindses-livre.jpg\" \/>\n\t<meta property=\"og:image:width\" content=\"1000\" \/>\n\t<meta property=\"og:image:height\" content=\"1000\" \/>\n\t<meta property=\"og:image:type\" content=\"image\/jpeg\" \/>\n<meta name=\"twitter:card\" content=\"summary_large_image\" \/>\n<script type=\"application\/ld+json\" class=\"yoast-schema-graph\">{\"@context\":\"https:\/\/schema.org\",\"@graph\":[{\"@type\":\"WebPage\",\"@id\":\"https:\/\/namurinc.be\/boutique\/produit\/rastrind-ses-tome-1\/\",\"url\":\"https:\/\/namurinc.be\/boutique\/produit\/rastrind-ses-tome-1\/\",\"name\":\"Rastrind, s\u00e9s'! - Tome 1 - Namur INC - Boutique en ligne\",\"isPartOf\":{\"@id\":\"https:\/\/namurinc.be\/boutique\/#website\"},\"datePublished\":\"2020-11-19T10:03:29+00:00\",\"dateModified\":\"2021-12-08T18:57:37+00:00\",\"breadcrumb\":{\"@id\":\"https:\/\/namurinc.be\/boutique\/produit\/rastrind-ses-tome-1\/#breadcrumb\"},\"inLanguage\":\"fr-BE\",\"potentialAction\":[{\"@type\":\"ReadAction\",\"target\":[\"https:\/\/namurinc.be\/boutique\/produit\/rastrind-ses-tome-1\/\"]}]},{\"@type\":\"BreadcrumbList\",\"@id\":\"https:\/\/namurinc.be\/boutique\/produit\/rastrind-ses-tome-1\/#breadcrumb\",\"itemListElement\":[{\"@type\":\"ListItem\",\"position\":1,\"name\":\"Accueil\",\"item\":\"https:\/\/namurinc.be\/boutique\/\"},{\"@type\":\"ListItem\",\"position\":2,\"name\":\"Boutique\",\"item\":\"https:\/\/namurinc.be\/boutique\/\"},{\"@type\":\"ListItem\",\"position\":3,\"name\":\"Rastrind, s\u00e9s&#8217;! &#8211; Tome 1\"}]},{\"@type\":\"WebSite\",\"@id\":\"https:\/\/namurinc.be\/boutique\/#website\",\"url\":\"https:\/\/namurinc.be\/boutique\/\",\"name\":\"Namur INC - Boutique en ligne\",\"description\":\"Retrouvez nos bouquins en vente dans notre boutique en ligne\",\"potentialAction\":[{\"@type\":\"SearchAction\",\"target\":{\"@type\":\"EntryPoint\",\"urlTemplate\":\"https:\/\/namurinc.be\/boutique\/?s={search_term_string}\"},\"query-input\":\"required name=search_term_string\"}],\"inLanguage\":\"fr-BE\"}]}<\/script>\n<!-- \/ Yoast SEO plugin. -->","yoast_head_json":{"title":"Rastrind, s\u00e9s'! - Tome 1 - Namur INC - Boutique en ligne","robots":{"index":"index","follow":"follow","max-snippet":"max-snippet:-1","max-image-preview":"max-image-preview:large","max-video-preview":"max-video-preview:-1"},"canonical":"https:\/\/namurinc.be\/boutique\/produit\/rastrind-ses-tome-1\/","og_locale":"fr_FR","og_type":"article","og_title":"Rastrind, s\u00e9s'! - Tome 1 - Namur INC - Boutique en ligne","og_description":"Le Doyen de Marche-en-Famenne, l\u2019Abb\u00e9 Bernard van Vynckt est bien connu des Namurois. Depuis 2016, il a succ\u00e9d\u00e9 au regrett\u00e9 Abb\u00e9 Pol Malherbe en c\u00e9l\u00e9brant chaque ann\u00e9e la Messe en Wallon des F\u00eates de Wallonie.  Depuis le confinement, en mars 2020, il r\u00e9dige chaque semaine pour RCF Sud-Belgique un billet en wallon de Nameur pour nous mettre du baume au c\u0153ur mais aussi nous faire r\u00e9fl\u00e9chir.  On retrouvera dans cet ouvrage ses vingt premi\u00e8res chroniques ainsi que l\u2019hom\u00e9lie de la Messe en Wallon. Tous les mots sont accompagn\u00e9s d\u2019un code QR d\u2019\u00e9coute ainsi que de leurs traductions en fran\u00e7ais. Un ouvrage qui vous permettra d\u2019am\u00e9liorer votre niveau en wallon mais aussi de garder une trace historique de cette \u00e9poque troubl\u00e9e.","og_url":"https:\/\/namurinc.be\/boutique\/produit\/rastrind-ses-tome-1\/","og_site_name":"Namur INC - Boutique en ligne","article_modified_time":"2021-12-08T18:57:37+00:00","og_image":[{"width":1000,"height":1000,"url":"https:\/\/namurinc.be\/boutique\/wp-content\/uploads\/sites\/4\/2020\/11\/rastrindses-livre.jpg","type":"image\/jpeg"}],"twitter_card":"summary_large_image","schema":{"@context":"https:\/\/schema.org","@graph":[{"@type":"WebPage","@id":"https:\/\/namurinc.be\/boutique\/produit\/rastrind-ses-tome-1\/","url":"https:\/\/namurinc.be\/boutique\/produit\/rastrind-ses-tome-1\/","name":"Rastrind, s\u00e9s'! - Tome 1 - Namur INC - Boutique en ligne","isPartOf":{"@id":"https:\/\/namurinc.be\/boutique\/#website"},"datePublished":"2020-11-19T10:03:29+00:00","dateModified":"2021-12-08T18:57:37+00:00","breadcrumb":{"@id":"https:\/\/namurinc.be\/boutique\/produit\/rastrind-ses-tome-1\/#breadcrumb"},"inLanguage":"fr-BE","potentialAction":[{"@type":"ReadAction","target":["https:\/\/namurinc.be\/boutique\/produit\/rastrind-ses-tome-1\/"]}]},{"@type":"BreadcrumbList","@id":"https:\/\/namurinc.be\/boutique\/produit\/rastrind-ses-tome-1\/#breadcrumb","itemListElement":[{"@type":"ListItem","position":1,"name":"Accueil","item":"https:\/\/namurinc.be\/boutique\/"},{"@type":"ListItem","position":2,"name":"Boutique","item":"https:\/\/namurinc.be\/boutique\/"},{"@type":"ListItem","position":3,"name":"Rastrind, s\u00e9s&#8217;! &#8211; Tome 1"}]},{"@type":"WebSite","@id":"https:\/\/namurinc.be\/boutique\/#website","url":"https:\/\/namurinc.be\/boutique\/","name":"Namur INC - Boutique en ligne","description":"Retrouvez nos bouquins en vente dans notre boutique en ligne","potentialAction":[{"@type":"SearchAction","target":{"@type":"EntryPoint","urlTemplate":"https:\/\/namurinc.be\/boutique\/?s={search_term_string}"},"query-input":"required name=search_term_string"}],"inLanguage":"fr-BE"}]}},"_links":{"self":[{"href":"https:\/\/namurinc.be\/boutique\/wp-json\/wp\/v2\/product\/14"}],"collection":[{"href":"https:\/\/namurinc.be\/boutique\/wp-json\/wp\/v2\/product"}],"about":[{"href":"https:\/\/namurinc.be\/boutique\/wp-json\/wp\/v2\/types\/product"}],"replies":[{"embeddable":true,"href":"https:\/\/namurinc.be\/boutique\/wp-json\/wp\/v2\/comments?post=14"}],"wp:featuredmedia":[{"embeddable":true,"href":"https:\/\/namurinc.be\/boutique\/wp-json\/wp\/v2\/media\/60"}],"wp:attachment":[{"href":"https:\/\/namurinc.be\/boutique\/wp-json\/wp\/v2\/media?parent=14"}],"wp:term":[{"taxonomy":"product_cat","embeddable":true,"href":"https:\/\/namurinc.be\/boutique\/wp-json\/wp\/v2\/product_cat?post=14"},{"taxonomy":"product_tag","embeddable":true,"href":"https:\/\/namurinc.be\/boutique\/wp-json\/wp\/v2\/product_tag?post=14"}],"curies":[{"name":"wp","href":"https:\/\/api.w.org\/{rel}","templated":true}]}}